{"id":1253,"date":"2019-02-13T21:38:35","date_gmt":"2019-02-13T19:38:35","guid":{"rendered":"https:\/\/judo-wels.at\/?post_type=tribe_events&#038;p=1253"},"modified":"2019-02-13T21:38:35","modified_gmt":"2019-02-13T19:38:35","slug":"jugendliga-salzburg","status":"publish","type":"tribe_events","link":"https:\/\/judo-wels.at\/?tribe_events=jugendliga-salzburg","title":{"rendered":"Jugendliga Salzburg"},"content":{"rendered":"<p>Jahrg\u00e4nge 2002 &#8211; 2006<\/p>\n<p>Gewichtsklassen: -50, -55, -60, -66, +66 kg<\/p>\n<p>N\u00e4here Ausk\u00fcnfte bei Helmut Riegl!<\/p>\n","protected":false},"excerpt":{"rendered":"<p>Jahrg\u00e4nge 2002 &#8211; 2006 Gewichtsklassen: -50, -55, -60, -66, +66 kg N\u00e4here Ausk\u00fcnfte bei Helmut Riegl!<\/p>\n","protected":false},"author":1,"featured_media":0,"template":"","meta":{"_monsterinsights_skip_tracking":false,"_monsterinsights_sitenote_active":false,"_monsterinsights_sitenote_note":"","_monsterinsights_sitenote_category":0,"_tribe_events_status":"","_tribe_events_status_reason":"","footnotes":""},"tags":[],"tribe_events_cat":[],"class_list":["post-1253","tribe_events","type-tribe_events","status-publish","hentry"],"aioseo_notices":[],"_links":{"self":[{"href":"https:\/\/judo-wels.at\/index.php?rest_route=\/wp\/v2\/tribe_events\/1253","targetHints":{"allow":["GET"]}}],"collection":[{"href":"https:\/\/judo-wels.at\/index.php?rest_route=\/wp\/v2\/tribe_events"}],"about":[{"href":"https:\/\/judo-wels.at\/index.php?rest_route=\/wp\/v2\/types\/tribe_events"}],"author":[{"embeddable":true,"href":"https:\/\/judo-wels.at\/index.php?rest_route=\/wp\/v2\/users\/1"}],"version-history":[{"count":1,"href":"https:\/\/judo-wels.at\/index.php?rest_route=\/wp\/v2\/tribe_events\/1253\/revisions"}],"predecessor-version":[{"id":1254,"href":"https:\/\/judo-wels.at\/index.php?rest_route=\/wp\/v2\/tribe_events\/1253\/revisions\/1254"}],"wp:attachment":[{"href":"https:\/\/judo-wels.at\/index.php?rest_route=%2Fwp%2Fv2%2Fmedia&parent=1253"}],"wp:term":[{"taxonomy":"post_tag","embeddable":true,"href":"https:\/\/judo-wels.at\/index.php?rest_route=%2Fwp%2Fv2%2Ftags&post=1253"},{"taxonomy":"tribe_events_cat","embeddable":true,"href":"https:\/\/judo-wels.at\/index.php?rest_route=%2Fwp%2Fv2%2Ftribe_events_cat&post=1253"}],"curies":[{"name":"wp","href":"https:\/\/api.w.org\/{rel}","templated":true}]}}

<p>Jahrgänge 2002 &#8211; 2006</p>
<p>Gewichtsklassen: -50, -55, -60, -66, +66 kg</p>
<p>Nähere Auskünfte bei Helmut Riegl!</p>

<p>Jahrgänge 2002 &#8211; 2006 Gewichtsklassen: -50, -55, -60, -66, +66 kg Nähere Auskünfte bei Helmut Riegl!</p>
